



{"id":17,"date":"2017-06-12T11:02:06","date_gmt":"2017-06-12T09:02:06","guid":{"rendered":"https:\/\/klaas.com\/?page_id=17"},"modified":"2018-10-31T08:27:55","modified_gmt":"2018-10-31T07:27:55","slug":"produkte","status":"publish","type":"page","link":"https:\/\/klaas.com\/de\/produkte\/","title":{"rendered":"Produkte"},"content":{"rendered":"<div class=\"wpb-content-wrapper\"><p>[vc_row][vc_column][vc_row_inner][vc_column_inner width=&#8220;1\/2&#8243;][vc_column_text]<\/p>\n<h1>Unsere Produktpalette<\/h1>\n<p>[\/vc_column_text][\/vc_column_inner][vc_column_inner width=&#8220;1\/2&#8243;][vc_column_text]Fing im Jahre 1947 mit der Entwicklung des ersten Schr\u00e4gaufzugs f\u00fcr den Bau alles an, wurde die Klaas Produktpalette in den darauffolgenden Jahren kontinuierlich um neue, innovative Arbeitsger\u00e4te erg\u00e4nzt. Heute geh\u00f6ren hochwertige Anh\u00e4nger- und Autokrane ebenso zu unserem Produktprogramm wie Hubarbeitsb\u00fchnen, Bau- und M\u00f6belaufz\u00fcge sowie Rettungsfahrzeuge f\u00fcr die Feuerwehr. Der leichte Werkstoff Aluminium hilft uns dabei, diese stets praxistauglich und leistungsstark zu entwickeln.[\/vc_column_text][\/vc_column_inner][\/vc_row_inner][vc_separator][vc_row_inner][vc_column_inner][js_producttypes images=&#8220;1&#8243; names=&#8220;1&#8243; list=&#8220;1&#8243;][\/vc_column_inner][\/vc_row_inner][\/vc_column][\/vc_row]<\/p>\n<\/div>","protected":false},"excerpt":{"rendered":"<p>[vc_row][vc_column][vc_row_inner][vc_column_inner width=&#8220;1\/2&#8243;][vc_column_text] Unsere Produktpalette [\/vc_column_text][\/vc_column_inner][vc_column_inner width=&#8220;1\/2&#8243;][vc_column_text]Fing im Jahre 1947 mit der Entwicklung des ersten Schr\u00e4gaufzugs f\u00fcr den Bau alles an, wurde die Klaas Produktpalette in den darauffolgenden Jahren kontinuierlich um neue, innovative Arbeitsger\u00e4te erg\u00e4nzt. Heute geh\u00f6ren hochwertige Anh\u00e4nger- und Autokrane ebenso zu unserem Produktprogramm wie Hubarbeitsb\u00fchnen, Bau- und M\u00f6belaufz\u00fcge sowie Rettungsfahrzeuge f\u00fcr die Feuerwehr. Der&#8230;  <a class=\"excerpt-read-more\" href=\"https:\/\/klaas.com\/de\/produkte\/\" title=\"Read Produkte\">Weiter &raquo;<\/a><\/p>\n","protected":false},"author":6,"featured_media":0,"parent":0,"menu_order":12,"comment_status":"closed","ping_status":"closed","template":"","meta":{"_acf_changed":false,"inline_featured_image":false,"footnotes":""},"class_list":["post-17","page","type-page","status-publish","hentry"],"acf":[],"_links":{"self":[{"href":"https:\/\/klaas.com\/de\/wp-json\/wp\/v2\/pages\/17","targetHints":{"allow":["GET"]}}],"collection":[{"href":"https:\/\/klaas.com\/de\/wp-json\/wp\/v2\/pages"}],"about":[{"href":"https:\/\/klaas.com\/de\/wp-json\/wp\/v2\/types\/page"}],"author":[{"embeddable":true,"href":"https:\/\/klaas.com\/de\/wp-json\/wp\/v2\/users\/6"}],"replies":[{"embeddable":true,"href":"https:\/\/klaas.com\/de\/wp-json\/wp\/v2\/comments?post=17"}],"version-history":[{"count":3,"href":"https:\/\/klaas.com\/de\/wp-json\/wp\/v2\/pages\/17\/revisions"}],"predecessor-version":[{"id":74408,"href":"https:\/\/klaas.com\/de\/wp-json\/wp\/v2\/pages\/17\/revisions\/74408"}],"wp:attachment":[{"href":"https:\/\/klaas.com\/de\/wp-json\/wp\/v2\/media?parent=17"}],"curies":[{"name":"wp","href":"https:\/\/api.w.org\/{rel}","templated":true}]}}

<div class="wpb-content-wrapper"><p>[vc_row][vc_column][vc_row_inner][vc_column_inner width=&#8220;1/2&#8243;][vc_column_text]</p>
<h1>Unsere Produktpalette</h1>
<p>[/vc_column_text][/vc_column_inner][vc_column_inner width=&#8220;1/2&#8243;][vc_column_text]Fing im Jahre 1947 mit der Entwicklung des ersten Schrägaufzugs für den Bau alles an, wurde die Klaas Produktpalette in den darauffolgenden Jahren kontinuierlich um neue, innovative Arbeitsgeräte ergänzt. Heute gehören hochwertige Anhänger- und Autokrane ebenso zu unserem Produktprogramm wie Hubarbeitsbühnen, Bau- und Möbelaufzüge sowie Rettungsfahrzeuge für die Feuerwehr. Der leichte Werkstoff Aluminium hilft uns dabei, diese stets praxistauglich und leistungsstark zu entwickeln.[/vc_column_text][/vc_column_inner][/vc_row_inner][vc_separator][vc_row_inner][vc_column_inner][js_producttypes images=&#8220;1&#8243; names=&#8220;1&#8243; list=&#8220;1&#8243;][/vc_column_inner][/vc_row_inner][/vc_column][/vc_row]</p>
</div>

<p>[vc_row][vc_column][vc_row_inner][vc_column_inner width=&#8220;1/2&#8243;][vc_column_text] Unsere Produktpalette [/vc_column_text][/vc_column_inner][vc_column_inner width=&#8220;1/2&#8243;][vc_column_text]Fing im Jahre 1947 mit der Entwicklung des ersten Schrägaufzugs für den Bau alles an, wurde die Klaas Produktpalette in den darauffolgenden Jahren kontinuierlich um neue, innovative Arbeitsgeräte ergänzt. Heute gehören hochwertige Anhänger- und Autokrane ebenso zu unserem Produktprogramm wie Hubarbeitsbühnen, Bau- und Möbelaufzüge sowie Rettungsfahrzeuge für die Feuerwehr. Der&#8230;  <a class="excerpt-read-more" href="https://klaas.com/de/produkte/" title="Read Produkte">Weiter &raquo;</a></p>
