



{"id":85610,"date":"2025-02-20T10:32:59","date_gmt":"2025-02-20T09:32:59","guid":{"rendered":"https:\/\/klaas.com\/de\/?post_type=product&#038;p=85610"},"modified":"2025-02-20T12:48:46","modified_gmt":"2025-02-20T11:48:46","slug":"kranfahrerjacke","status":"publish","type":"product","link":"https:\/\/klaas.com\/de\/shopprodukte\/kranfahrerjacke\/","title":{"rendered":"Kranfahrerjacke"},"content":{"rendered":"<ul style=\"list-style-type: disc;\">\n<li>Farbe: royal \/ navy<\/li>\n<li>wasserabweisend (600 mm Wassers\u00e4ule), wind- und schmutzabweisend<\/li>\n<li>Krageninnenseite aus weichem Fleece<\/li>\n<li>abnehmbare \u00c4rmel mit Rei\u00dfverschluss<\/li>\n<li>Strickb\u00fcndchen an \u00c4rmel und Saum<\/li>\n<li>zwei gro\u00dfe Brusttaschen, Handytasche und Stiftetasche auf der rechten Brusttasche<\/li>\n<li>\u00c4rmeltasche mit Rei\u00dfverschluss, zwei Innentaschen<\/li>\n<li>reflektierender Logodruck auf der linken Brusttasche, zus\u00e4tzlich optional: Name auf der rechten Brusttasche (Aufpreis: 1 \u20ac)<\/li>\n<li>reflektierender Logodruck auf dem R\u00fccken<\/li>\n<\/ul>\n<p>Material au\u00dfen und Mittelschicht: 100% Polyester<\/p>\n<p>Material innen: 100 % Polyamid<\/p>\n","protected":false},"excerpt":{"rendered":"<p>Funktionelle Jacke mit abnehmbaren \u00c4rmeln<\/p>\n","protected":false},"featured_media":85628,"template":"","meta":{"_acf_changed":false,"inline_featured_image":false},"product_brand":[],"product_cat":[565,524,568],"product_tag":[],"wf_product_folders":[],"class_list":{"0":"post-85610","1":"product","2":"type-product","3":"status-publish","4":"has-post-thumbnail","6":"product_cat-individuelle-bedruckung","7":"product_cat-jacken-und-westen","8":"product_cat-namensaufdruck","10":"first","11":"instock","12":"taxable","13":"shipping-taxable","14":"purchasable","15":"product-type-variable"},"exclude_global_add_ons":false,"addons":[{"name":"Individuelle Bedruckung","type":"checkbox","position":0,"required":false,"title_format":"label","default":"","description_enable":true,"description":"Ich w\u00fcnsche eine zus\u00e4tzliche, individuelle Bedruckung. \r\nDie Firma Silaprint wird mit Ihnen diesbez\u00fcglich Kontakt aufnehmen. Kosten nach Aufwand.","placeholder_enable":false,"placeholder":"","display":"select","restrictions_type":"any_text","adjust_price":false,"price":"","price_type":"flat_fee","restrictions":false,"min":"0","max":"0","options":[{"label":"Individuelle Bedruckung","price":"","price_type":"flat_fee","image":0,"visibility":true}]},{"name":"Namensaufdruck","type":"checkbox","position":0,"required":false,"title_format":"label","default":"","description_enable":true,"description":"Ich w\u00fcnsche eine zus\u00e4tzliche Bedruckung mit meinem Namen (erster Buchstabe des Vornamens + Nachname). Die zus\u00e4tzlichen Kosten belaufen sich hierf\u00fcr auf 1,\u2013 \u20ac pro Produkt.","placeholder_enable":false,"placeholder":"","display":"select","restrictions_type":"any_text","adjust_price":false,"price":"","price_type":"flat_fee","restrictions":false,"min":"0","max":"0","options":[{"label":"Namensaufdruck","price":"1","price_type":"quantity_based","image":0,"visibility":true}],"id":1739440897}],"acf":[],"_links":{"self":[{"href":"https:\/\/klaas.com\/de\/wp-json\/wp\/v2\/product\/85610","targetHints":{"allow":["GET"]}}],"collection":[{"href":"https:\/\/klaas.com\/de\/wp-json\/wp\/v2\/product"}],"about":[{"href":"https:\/\/klaas.com\/de\/wp-json\/wp\/v2\/types\/product"}],"wp:featuredmedia":[{"embeddable":true,"href":"https:\/\/klaas.com\/de\/wp-json\/wp\/v2\/media\/85628"}],"wp:attachment":[{"href":"https:\/\/klaas.com\/de\/wp-json\/wp\/v2\/media?parent=85610"}],"wp:term":[{"taxonomy":"product_brand","embeddable":true,"href":"https:\/\/klaas.com\/de\/wp-json\/wp\/v2\/product_brand?post=85610"},{"taxonomy":"product_cat","embeddable":true,"href":"https:\/\/klaas.com\/de\/wp-json\/wp\/v2\/product_cat?post=85610"},{"taxonomy":"product_tag","embeddable":true,"href":"https:\/\/klaas.com\/de\/wp-json\/wp\/v2\/product_tag?post=85610"},{"taxonomy":"wf_product_folders","embeddable":true,"href":"https:\/\/klaas.com\/de\/wp-json\/wp\/v2\/wf_product_folders?post=85610"}],"curies":[{"name":"wp","href":"https:\/\/api.w.org\/{rel}","templated":true}]}}

<ul style="list-style-type: disc;">
<li>Farbe: royal / navy</li>
<li>wasserabweisend (600 mm Wassersäule), wind- und schmutzabweisend</li>
<li>Krageninnenseite aus weichem Fleece</li>
<li>abnehmbare Ärmel mit Reißverschluss</li>
<li>Strickbündchen an Ärmel und Saum</li>
<li>zwei große Brusttaschen, Handytasche und Stiftetasche auf der rechten Brusttasche</li>
<li>Ärmeltasche mit Reißverschluss, zwei Innentaschen</li>
<li>reflektierender Logodruck auf der linken Brusttasche, zusätzlich optional: Name auf der rechten Brusttasche (Aufpreis: 1 €)</li>
<li>reflektierender Logodruck auf dem Rücken</li>
</ul>
<p>Material außen und Mittelschicht: 100% Polyester</p>
<p>Material innen: 100 % Polyamid</p>

<p>Funktionelle Jacke mit abnehmbaren Ärmeln</p>

Ich wünsche eine zusätzliche, individuelle Bedruckung. 
Die Firma Silaprint wird mit Ihnen diesbezüglich Kontakt aufnehmen. Kosten nach Aufwand.

Ich wünsche eine zusätzliche Bedruckung mit meinem Namen (erster Buchstabe des Vornamens + Nachname). Die zusätzlichen Kosten belaufen sich hierfür auf 1,– € pro Produkt.
